be o(3). Suppose -b*n + 50 = -34. What are the prime factors of n?
3, 7
Let p(b) be the first derivative of 11*b**3/3 + b**2/2 + b + 1. What are the prime factors of p(-1)?
11
Let h be ((-8)/(-6))/((-2)/(-6)). Suppose h*b - 6 = 18. List the prime factors of b.
2, 3
Let b(f) = -f**2 + 1. Let h(d) = 4*d**2 - 6*d - 12. Let a(t) = -5*b(t) - h(t). What are the prime factors of a(-8)?
23
Let g = -27 + 42. List the prime factors of g.
3, 5
Suppose 5*v = -0*v + 20. Let w(i) = -i**3 + i**2 - i - 1. Let h be w(0). Let o = v + h. List the prime factors of o.
3
Let u = -4 + 5. Let z be (2 + -3)/(u/(-2)). Suppose 3*p - 27 = -5*t, z*t = -7*p + 2*p + 26. What are the prime factors of t?
3
Let l(v) = v**2 - 6*v + 5. Let y be l(6). Suppose 0*m + 15 = y*m. List the prime factors of 16 + (-6)/3 + m.
17
Let u(w) = -29*w**3 + 2*w + 1. Suppose 0 = -d - 5*s - 8 + 22, -3*s = -5*d - 14. List the prime factors of u(d).
2, 7
Suppose -2*n + 28 = 4*r, -4*n + 11 = -2*r + r. Let z be (3 + -8)*(-4)/r. Suppose -2*k = -z*q + 14, -q = -0*k + 3*k - 7. List the prime factors of q.
2
Let j = 34 - 12. Suppose 10*s = 6*s - 176. List the prime factors of 414/j + (-8)/s.
19
Let k be ((-12)/(-3) + -3)*-2. List the prime factors of k + (1 - 10)*-1.
7
Suppose -4642 = -9*c - 1303. List the prime factors of c.
7, 53
Suppose -5*g + 53 = 23. Let b be 3 + 3*g/(-9). What are the prime factors of b/(-2) - 14/(-4)?
3
Let p(s) = -13*s**3 - 2*s**2 + 3*s + 4. What are the prime factors of p(-2)?
2, 47
Let t(y) = -y**2 - 6*y - 5*y - 3 - 1. List the prime factors of t(-7).
2, 3
Suppose 0*m + m = 2. Suppose n - 13 = -6*s + m*s, -5*n + 2*s = -21. Suppose 0 = -f - 5*c + 2, -n*f - 4*c + 10 = -21. List the prime factors of f.
7
Let s = -8 - -6. List the prime factors of (s + 1)*35/(-1).
5, 7
List the prime factors of (-30)/(-3)*45/2.
3, 5
Suppose -2*d - 318 = -5*d. List the prime factors of d.
2, 53
Let n = 5 - 4. Let x(l) = 19*l + 1. What are the prime factors of x(n)?
2, 5
Suppose 0 = -4*n + 88 - 8. Suppose 0*j = 5*j - n. What are the prime factors of j?
2
Let k(c) be the second derivative of -5*c**3/3 + 2*c**2 + 6*c. List the prime factors of k(-2).
2, 3
Let a = 19 - -14. What are the prime factors of a?
3, 11
Let t(c) = -c**3 + 2*c**2 + 3*c - 3. Let u be t(2). Suppose 1 - u = 2*n. List the prime factors of n/(2 - 15/6).
2
Suppose -z + 73 = m - 127, 0 = 5*z - 5*m - 1030. What are the prime factors of z?
7, 29
Let d(o) be the second derivative of -o**4/12 - o**3 + 2*o**2 - 10*o. Let r(p) = p**3 + p - 6. Let g be r(0). List the prime factors of d(g).
2
Let r(g) = -g**3 + 5*g**2 + 2*g + 2. Let v be r(5). List the prime factors of -4*-1*9/v.
3
Let c(m) be the first derivative of -m**5/120 - m**4/12 - m**3/3 - 3. Let f(o) be the third derivative of c(o). What are the prime factors of f(-5)?
3
Suppose -4*v - 40 = -9*v. Suppose -7 = -5*y + v. What are the prime factors of (12/8)/(y/4)?
2
Let b = -19 - -11. Let v = 11 + b. Suppose -2*g - 14 = -3*g - a, 0 = -4*g + v*a + 42. List the prime factors of g.
2, 3
Let i(c) = c**2 - 10*c - 7. Let o be i(11). Suppose o*g = -g + 5*x + 75, 3*x + 55 = 4*g. What are the prime factors of g?
2, 5
Let s be (-2)/(-6) + 33/9. Suppose -5*w = s + 11. Let t(q) = -4*q - 1. List the prime factors of t(w).
11
Let k = -7 - -12. Suppose k*m - 106 + 26 = 0. What are the prime factors of m?
2
Suppose 5*d - 8 + 33 = 0, -4*d = -l + 25. What are the prime factors of l/(20/44) + 1?
2, 3
Let b = 11 - -54. What are the prime factors of b?
5, 13
Let b = 6 + -2. Suppose 0 = 4*m + 20, b*i = -m + 6*m + 61. What are the prime factors of i?
3
List the prime factors of 7/1*190/35.
2, 19
Let z(o) = -3*o. Suppose -2*r + n - 2 = 0, n + 0*n + 4 = -r. List the prime factors of z(r).
2, 3
Suppose -198 = -m - 2*m. List the prime factors of m.
2, 3, 11
What are the prime factors of 72/(-42)*(-105)/2?
2, 3, 5
Let b(n) = -n + 1. Let f be b(10). Let s = 13 + f. Suppose 4*q = -3*j + 29, -q - s*j + 12 = -8*j. List the prime factors of q.
2
Let w(x) = x + 9. Let z be w(-6). Suppose -2*m + 11 = -13. Suppose 2*p - 3*p + 8 = v, -m = -z*v + 3*p. List the prime factors of v.
2, 3
Suppose -8 = -j - 3. Suppose -j*b + 64 = -b. What are the prime factors of b?
2
Let z = -159 + 152. Let h be ((-8)/(-10))/((-2)/(-20)). Let o = h - z. List the prime factors of o.
3, 5
Suppose 0 = y + 3*y + 16. List the prime factors of (2/y)/(1/(-46)).
23
Suppose 4*w + 2*b = 4, w - 6 = 2*b - 0. Suppose -w = -l, 2*i + 13 = 3*i + 4*l. List the prime factors of i.
5
Suppose -c = 3 - 63. What are the prime factors of c?
2, 3, 5
Let k = 2 - -3. Let d(j) = j**2 + 12*j - 3. Let v be d(-13). Suppose -30 = -k*s + v. List the prime factors of s.
2
Suppose -5*l = 13 - 33. Suppose 0 = i - 0*i - 24. Suppose 84 = l*n + i. List the prime factors of n.
3, 5
Suppose 2*l - 2 - 2 = 0. Let j(n) = 2*n**3 + n**l + 3*n + 1 + n**2 - 5*n. What are the prime factors of j(1)?
3
Let c be (-3)/(1*(-1)/1). Suppose 7*y - 28 = c*y. What are the prime factors of y?
7
Let f(p) = -11*p**3 + 10*p**2 - 15*p - 17. Let c(x) = -4*x**3 + 3*x**2 - 5*x - 6. Let q(o) = 8*c(o) - 3*f(o). Let y = 3 - -2. List the prime factors of q(y).
3
Let n = 7 - -101. What are the prime factors of n?
2, 3
Let q(j) = j**2 + 15*j + 4. Let b be q(-10). Let n = -23 - b. What are the prime factors of n?
23
What are the prime factors of -15 + 32 + (-6)/2?
2, 7
List the prime factors of (-6)/3*-1 - -40.
2, 3, 7
Suppose 0 = -56*m + 55*m + 117. What are the prime factors of m?
3, 13
List the prime factors of (-12)/20 + 143/5.
2, 7
Let u(d) = -d**3 - 7*d**2 + 6*d - 9. Let z be u(-8). Suppose 2*y = z*y - 105. List the prime factors of y.
3, 7
Suppose 6*k = 3*k - 159. Let r = -37 - k. What are the prime factors of r?
2
Suppose 7 + 1 = t. Suppose b - i = 16, -2*b = b + 5*i - t. What are the prime factors of b?
11
Suppose 0*v + 4*v + 16 = 4*z, -z + 4 = 5*v. List the prime factors of -8 + 10 + 8 + v.
2, 5
Let c(d) = 104*d**3 - d**2 - 2*d + 2. List the prime factors of c(1).
103
Suppose -5*l - 1782 = -10*l + 2*r, 0 = -4*l + 5*r + 1412. Let q be 1/(-3) - l/6. What are the prime factors of q/(-9) - (-2)/6?
7
Let w(j) = j**3 + 12*j**2 + 12*j + 8. Let a be w(-11). List the prime factors of 1*a/(-6)*10.
5
Let v be (5/4 - 2)*4. Let i(s) = -s**2 - 3*s + 3. Let a be i(v). Suppose -d - 5*h = -5*d + 56, a*d = h + 31. What are the prime factors of d?
3
Suppose -10*x + 6*x = 28. Let w = x + 12. Suppose -w*q + 3 = -62. List the prime factors of q.
13
Suppose 5*w - 12 = w. Suppose -54 = -5*t + d + 2*d, 6 = w*d. What are the prime factors of t?
2, 3
Suppose 3*a = 4*h - 618, 6 = -0*a + 3*a. List the prime factors of h.
2, 3, 13
Let m(v) = -v**3 - 4*v**2 + v - 2. Let w be m(-4). Let x be 1 - (w/2 - -2). List the prime factors of 3 + (-2 + x - -1).
2
Let c(k) = k**3 + 12*k**2 - 13*k. Let x be c(-13). Suppose -b + 2*z + x = -5, -2*b = -z - 22. List the prime factors of b.
13
Suppose -2*w - 10 = -5*i + 2*w, -4*i = 4*w - 8. Suppose s = -i*s + 21. List the prime factors of s.
7
Let j(n) = -n**3 + 7*n**2 - n - 5. Let c be j(7). Let i(y) = -y**3 + 8*y**2 + 2*y + 1. Let t be i(8). Let w = c + t. What are the prime factors of w?
5
Let o(l) = -l**3 - 5*l**2 - 3*l - 6. Let b be o(-5). Suppose -2*s + 7 = 3*z, -4*s + 5*z - 25 = -b*s. What are the prime factors of s?
2
Let h = 199 + -115. List the prime factors of h.
2, 3, 7
Suppose 5*c + 2*p - 4 = 5*p, -c - 4*p - 13 = 0. What are the prime factors of 3 - (2 - (-3)/c)?
2
Let x be ((-78)/(-8))/((-2)/(-24)). Let y(q) = -2*q**3 + 17*q**2 + 14*q - 8. Let j be y(9). Suppose 5*d - x = -j. What are the prime factors of d?
2
Suppose 3*u - 4 = w, 0 = 2*w - 5*u - 2 + 10. What are the prime factors of (35 - (-8)/w) + 0?
3, 11
Suppose 4*a - 2*h - 18 = 0, a - 5*a + 27 = -5*h. Let m(l) be the second derivative of l**5/20 - l**4/3 + l**3/2 + 3*l**2/2 - l. List the prime factors of m(a).
3
Let f(d) = 3*d**2 + 6*d - 5. Let s be f(-5). Suppose -i - 2*i - s = -5*t, -2*i = -4*t + 34. List the prime factors of t.
11
List the prime factors of 69/15 + (-2)/(-5).
5
Let z(k) = -3 + 0 + 18*k + 0. Let d be z(2). Suppose -2*v + d = 7. What are the prime factors of v?
13
Let q(n) = -4*n - 6. Let z = -20 + 17. List the prime factors of q(z).
2, 3
Let d(o) = 10*o**2 + 7*o + 2. What are the prime factors of d(-4)?
2, 67
Let 